Let b be x(v). List the prime factors of (173 + -1)/b - -3.
89
Suppose 0 = 12*s - 4222 - 710. Let g = -18 + s. What are the prime factors of g?
3, 131
Let a(x) = -x**3 - 9*x**2 - 12*x + 17. Let v be a(-7). Suppose 0*o - o + 287 = v*m, 4*o = 8. List the prime factors of m.
5, 19
Let v(b) be the second derivative of b**4/12 - b**3/6 + 7*b**2/2 - 25*b. Let g be v(0). Suppose -g*z = -3*z - 636. What are the prime factors of z?
3, 53
Suppose -68 + 40 = -7*f. Suppose 2*t + 16*w = 13*w + 1733, -3436 = -f*t + 4*w. What are the prime factors of t?
2, 431
Let p(r) be the third derivative of -19*r**4/3 - 2*r**3/3 + 7*r**2. Let v be p(-2). Suppose -4*t - 2*t + v = 0. List the prime factors of t.
2, 5
Let f be (2/8)/((-1)/28 + 0). Let g = 9 - -21. Let i = f + g. What are the prime factors of i?
23
Let c(i) = 0 - 233*i**2 + 229*i**2 - i**3 - 60*i + 7. List the prime factors of c(-7).
2, 7, 41
Suppose -u + 2 = -4. Suppose 14388 = 9*x + 14388. Suppose -u*n + n + 465 = x. List the prime factors of n.
3, 31
Let s be (0 + -2)/(-4)*(-1 + 243). Let t = s - 24. What are the prime factors of t?
97
What are the prime factors of (-54)/81*9675/(-15)?
2, 5, 43
Suppose 4*m - 2*t = -6*t + 283396, -3*m + 2*t = -212532. What are the prime factors of m?
2, 35423
Let m(o) = 215*o**2 + 2*o - 1. Let k(s) = s**3 + 11*s**2 + 16*s - 28. Let l be k(-9). Let u be (-28)/(-36) - l/45. What are the prime factors of m(u)?
2, 3
Let l = 168 + -128. What are the prime factors of 11305/l + 9/24?
283
Suppose 2*m = -2*h - 11 - 9, 3*m + 60 = -5*h. Suppose 0 = 61*r + 118 + 248. What are the prime factors of ((-9)/r)/(h/(-590))?
59
Suppose -4*w - 2*n + 21910 = 0, 5*w + 6*n - 1051 = 26326. What are the prime factors of w?
5479
Let m(t) = -t**3 - 9 - 7 - 2*t + 3*t**2 + 4*t + 13. Let j be m(3). Suppose 11*k - 976 = j*k. What are the prime factors of k?
2, 61
What are the prime factors of (68/8)/(6/33 - (-98735)/(-543466))?
17, 3529
Let w(n) = 2157*n + 435. List the prime factors of w(7).
2, 3, 863
Suppose -5*s - 2114 = -4*n, -2*s + 1665 = 5*n - 994. Suppose y = n - 76. List the prime factors of y.
5, 7, 13
Suppose 3*k - 5767 = -f - 166, -3*f + 4*k + 16764 = 0. What are the prime factors of f?
2, 3, 233
Let w be 11*((-1 - -3)*-1 + 3). Let j(i) = 20*i**2 - w + 2*i - i - 2*i**2 - i**3 - 14*i. List the prime factors of j(17).
3, 19
Let j(s) = 515*s**2 + 145*s - 1142. List the prime factors of j(8).
2, 11, 1499
What are the prime factors of ((-547 + -2)/3)/((-3)/28)?
2, 7, 61
Suppose -143*m = -211*m + 653888. What are the prime factors of m?
2, 601
Suppose v - 3*t - 55823 = 0, 66325 = 2*v - 4*t - 45311. What are the prime factors of v?
2, 109
Let q be (-4 + 2)*(-2318)/(-76). Suppose -37 = -2*c - 3. Let g = c - q. What are the prime factors of g?
2, 3, 13
Suppose -4*i + 46368 = 12*i. Suppose k + i = 15*k. What are the prime factors of k?
3, 23
Let c(p) = -133*p + 10833. List the prime factors of c(-100).
24133
Suppose 4*i - 2124 = -5*i. Let u = -155 + i. List the prime factors of u.
3
Suppose -310168 = -53*s + 129035 - 50554. List the prime factors of s.
7333
Let x(u) = 57*u - 117*u - 236*u**2 + 62*u + 2. Let o be x(-1). Let g = 393 + o. What are the prime factors of g?
157
Suppose 2602 = -5*x - 4*n, 0*x + 4*n = x + 530. Let i = -216 - x. What are the prime factors of i?
2, 3, 17
Let n = -18 - -19. What are the prime factors of (1/2*n)/(7/28)?
2
Suppose -10*w = -5*t - 14*w + 4, -w = -t - 1. Suppose t = -3*d - 5*f + 1, 2 - 3 = 2*d + 3*f. List the prime factors of 2241/12 - (10/d)/5.
11, 17
Let y(v) = 83*v - 82. Let r be y(1). Suppose -2*o + 30 = 3*o. List the prime factors of (o + 0)*13 - 0/r.
2, 3, 13
Suppose -15*x = -13*x. Let v be ((-113)/(-3))/(8/48). Suppose -3*d + x*d = -q - v, -4*q = 16. What are the prime factors of d?
2, 37
Let x = 28015 - 13189. What are the prime factors of x?
2, 3, 7, 353
Suppose 4421*b + 582641 = 4438*b. List the prime factors of b.
34273
Let o = 42 - 146. Let s = o + 180. What are the prime factors of s?
2, 19
Let s be (-2338)/(-56) - 2/(-8). Let o(a) = 2*a**2 - 73*a - 21. List the prime factors of o(s).
3, 7
Let y(o) = -93*o. Suppose -5 = -4*g + 3. Suppose 5*d + g*d = -7. What are the prime factors of y(d)?
3, 31
Let a(z) = -z**3 + 2*z**2 + z + 2. Suppose 0*h - 12 = -3*h. Let t be a(h). What are the prime factors of (-170)/(-6)*(t - -29)?
5, 17
Let v = -1022 - -6398. What are the prime factors of v?
2, 3, 7
List the prime factors of ((-5)/((-10)/3442))/(19/38).
2, 1721
Suppose 2*w + 5*k - 15876 = 0, 0*k - 5*k = 5*w - 39705. What are the prime factors of w?
13, 47
Suppose c = -311 + 318. Suppose -3579 = -5*r + 3*a, c*r - 3*a = 9*r - 1440. What are the prime factors of r?
3, 239
Let n(c) = -8*c**3 - 31*c**2 + 32*c + 38. List the prime factors of n(-16).
2, 19, 641
Suppose 0 = h - 8*h. Let q(t) = 2 - 51*t + h + 77*t. What are the prime factors of q(4)?
2, 53
Let b = 2339 - -3919. List the prime factors of b.
2, 3, 7, 149
Let h(x) = -342*x - 41. Let v be h(-9). Suppose 12*d - v + 1093 = 0. List the prime factors of d.
2, 3
Let s(m) = -192*m + 2579. List the prime factors of s(-78).
5, 3511
Suppose -t - 66 = -558. Suppose t - 1443 = -3*d. Suppose -4*v - 3*u - 2*u + 247 = 0, 0 = 5*v - 2*u - d. List the prime factors of v.
3, 7
Suppose i - 29*r - 4554 = -30*r, 0 = 5*i + 3*r - 22768. List the prime factors of i.
29, 157
Let d = -530 - 97. Let p = d + 655. What are the prime factors of p?
2, 7
Let u be (-3)/5 + 24/(-60). Let g be (115/5 + u)/2. Suppose -16*i + g*i + 90 = 0. List the prime factors of i.
2, 3
Let h be (-2889)/45 + 0 + 2/10. Let y = -36 - h. List the prime factors of (-14)/35 + y/(-10)*-93.
2, 5, 13
Suppose 5*m = -0*m + 20, -4*m + 71 = r. Suppose 0 = 6*a + r - 199. Suppose x - a = 2*h, h = -3*x + 71 - 6. What are the prime factors of x?
2, 11
Let k(p) = -11*p**3 + 4*p**2 + 4*p - 2. Let n(s) = -s**3 - 1. Let t(u) = k(u) - 3*n(u). Let c = 3810 + -3811. What are the prime factors of t(c)?
3
Suppose 141*n + 10 = 146*n. List the prime factors of -5 + n*(-509)/(-2).
2, 3, 7
Let r be ((-96)/84)/((-1)/7). Suppose r*u = 12*u - 2996. List the prime factors of u.
7, 107
Suppose 6*u = -103 + 685. Let n(f) = u*f - 4 - 9*f + 1. List the prime factors of n(2).
173
Let g(d) = d**3 + 20*d**2 - 5*d - 7. Let i be g(-11). Suppose -739 = -14*w + i. List the prime factors of w.
2, 67
Suppose -6*z + 7723 = -3419. What are the prime factors of (z/9)/(9/27)?
619
Suppose -4*j + 5*q + 96 = -81, 5*q = -j + 63. Suppose 519 = -j*r + 49*r. List the prime factors of r.
3, 173
Suppose -h - 7 = 3*t, 0 = t + 4*h - 21 + 5. Let g = t + 342. Suppose -18*l - g = -20*l. List the prime factors of l.
13
Suppose 62*h = 438*h - 9452640. What are the prime factors of h?
2, 3, 5, 419
Let z(j) = j**3 + 11*j**2 - 25*j - 9. Let l be 2/((-4)/26) - (-41 + 39). List the prime factors of z(l).
2, 7, 19
Let t be 10*(1 + 0 + (3 - 3)). Let a(u) = 6*u**2 - 24*u + 16. List the prime factors of a(t).
2, 47
Let q be 12/(-10)*(-305)/122. Suppose 1278 - 381 = k + w, 0 = 3*k - q*w - 2667. List the prime factors of k.
19, 47
Suppose -6*q - 3*l + 276 = 0, -2*q - 3*l = -6*l - 76. Let z(m) = -m**3 - 5*m**2 - 3*m + 3. Let v be z(-5). Suppose -q = -h + v. List the prime factors of h.
2, 31
Suppose 13*h - 29710 = 9*h - 2*g, -2*g = -5*h + 37151. List the prime factors of h.
17, 19, 23
Suppose -8*q + 0*q = -2*q. Suppose -8*n - 3*b + 2876 = -3*n, 2*n - 5*b - 1169 = q. What are the prime factors of n?
577
Let a be -59 + 48 + (-14)/(-2). List the prime factors of a/18 - (-12 + 58220/(-36)).
3, 181
Let r(p) = 33*p**2 + 3*p + 1. Let m be r(-1). Let k = -27 + m. Suppose 117 - k = 5*x + 3*j, -j = 4*x - 89. What are the prime factors of x?
2, 11
Let u(i) = 18*i**3 - 4*i**2 + 6*i - 3. Let w be u(3). Let s = w + 44. Suppose 0 = -4*z + 4*h + 500, z + 3*z + 5*h - s = 0. List the prime factors of z.
2, 3, 7
Let p(b) be the first derivative of 343*b**4/4 + 2*b**3/3 + 3*b**2/2 - 4*b - 77. List the prime factors of p(1).
2, 43
What are the prime factors of 12*((-1751)/(-170) + -10)/(12/87470)?
3, 8747
What are the prime factors of 2*4 - 867590/(-202)?
13, 331
Let a be ((-226)/(-4))/(4/8). Suppose 0 = 110*m - a*m + 9. Suppose m*n - 187 = 554. What are the prime factors of n?
13, 19
Let c(p) = -1012*p - 426. What are the prime factors of c(-8)?
2, 5, 1